-3. Let j(x) = 4*x**2 - 3*x - 3. Let m be j(f). What is the hundreds digit of (-102)/m*(-28)/6?
1
Suppose -2 = -i - 1. Let m be (-3)/(((-3)/214)/i). Suppose -122 - m = -3*a. What is the hundreds digit of a?
1
Let k be (-2)/3 + (-14)/(-3). Suppose 7*r - 210 = k*r. Let j = r - 42. What is the tens digit of j?
2
Let q = -33084 - -67865. What is the tens digit of q?
8
Let w(x) = 507*x + 12. Let t be w(-2). Let i = t + 2796. What is the thousands digit of i?
1
Let b(r) = -202*r - 235. Let f be b(6). Let z = 2705 + f. What is the thousands digit of z?
1
Let i(x) be the second derivative of x**5/20 - 7*x**4/12 + x**3/3 - 7*x**2 - 34*x. Let k be i(7). Suppose 12*z + z - 3211 = k. What is the units digit of z?
7
Suppose 4*j + 36*t - 26652 = 38*t, 0 = -2*j - 5*t + 13350. What is the tens digit of j?
6
Suppose -3*x - r - 42 + 1464 = 0, 0 = -2*x + r + 938. What is the tens digit of x?
7
Suppose 252*n + 349618 = 64*n + 3159842. What is the tens digit of n?
4
Suppose 17*v + 45 = 14*v. Let j be 10*4/((-40)/v). Suppose 6*b = b + j, -i + 205 = -b. What is the tens digit of i?
0
What is the units digit of ((-13)/((-195)/16992))/(33/110)?
6
Let p = -78 + 81. Suppose 2*i - 152 = -p*f - 0*f, 0 = -4*f + 5*i + 195. What is the tens digit of f?
5
Suppose 63*d = 1327898 + 206215. What is the units digit of d?
1
Let j = -15604 + 22175. What is the units digit of j?
1
Let s = -59362 + 130696. What is the ten thousands digit of s?
7
Suppose -3*u = 12, 3*u = -4*z + 1548 + 14368. What is the hundreds digit of z?
9
Suppose -32*t = -31*t - 35. Suppose -t*q + 4*j = -40*q + 3141, 3*q = -5*j + 1895. What is the tens digit of q?
2
Let w(o) be the third derivative of o**5/30 + 35*o**4/12 + 43*o**3/6 - 148*o**2. What is the units digit of w(-37)?
1
Let d be -3*8/(-12)*-10. Let l(j) = -24*j - 144. What is the units digit of l(d)?
6
What is the hundreds digit of (-8)/(-2) + 4839*(-42)/(-18)?
2
What is the ten thousands digit of ((-48)/(-20))/6 + -3 + (-52873)/(-5)?
1
Suppose -2 = 4*g + 6. Let z be ((-19)/g)/(2/8). Suppose -31*n = -32*n + z. What is the units digit of n?
8
Let u(b) = b**2 - 10*b + 3. Let a be u(11). Suppose a*y - 1043 = 23583. What is the hundreds digit of y?
7
Let d(a) = a**3 + 11*a**2 + 14*a + 152. Let m be -3 - ((1 - -2) + (-19 - -19)). What is the hundreds digit of d(m)?
2
Let m(c) = 4416*c**2 - c. Let t be m(1). Suppose -915 = 10*w - t. Suppose -w = 6*p - 1184. What is the hundreds digit of p?
1
Let u(y) = 352*y + 3684. What is the ten thousands digit of u(18)?
1
Let y(s) = 836*s**2 + 129*s + 390. What is the hundreds digit of y(-3)?
5
Let r(o) = 11*o**3 + 4*o**2 + 3*o + 2. Let c be r(-2). Let p(k) = 57*k + 472. Let j be p(-6). Let l = j + c. What is the units digit of l?
4
Let g = 8017 + 101. What is the tens digit of g?
1
Suppose 4*q - 5*d = 1395, d - 212 = -2*q + 475. Let l = q + -72. What is the units digit of l?
3
Let i(k) = -134*k - 14. Let m be i(-5). What is the hundreds digit of ((-7)/14)/((-1)/m)?
3
Let j(l) = -4*l**3 + 2*l**2. Let u be j(-1). What is the tens digit of -2 + -1 + u + 5 + 177?
8
Let g = -2274 - -9324. What is the units digit of g?
0
Let v = 9 + -1. Suppose 1763 = -v*g + 5827. What is the units digit of g?
8
Suppose 7*u + 0 = 21. Suppose 3*n + 4*v = 6*v + 1526, -2*n + u*v + 1019 = 0. What is the hundreds digit of n?
5
Let y = 63 - -35. What is the tens digit of y/6 - (-3)/((-36)/(-8))?
1
Suppose 45*p - 44*p = 4. Let c(s) = -8*s + p*s - 5 + 62. What is the hundreds digit of c(-17)?
1
Let j(h) = 7*h**2 - 35*h - 494. What is the tens digit of j(77)?
1
Suppose 4*k = -20, 2*o + 4*k + 5 = -15. Suppose o = 2*d - 2*m - 142, -4*m + 9*m - 245 = -3*d. What is the tens digit of d?
7
Let a = 2821 - -5297. What is the hundreds digit of a?
1
Let o be (-11)/(-9) - 20/90. Let s(f) be the first derivative of 107*f**2/2 - 2*f + 46. What is the hundreds digit of s(o)?
1
Let c(p) be the first derivative of 10*p**3/3 - 4*p**2 + 12*p + 3. Let f = 35 - 32. What is the units digit of c(f)?
8
Suppose -75*x = 64*x - 1054037. What is the thousands digit of x?
7
Suppose -3*d - 80 = 5*l, 4*d - 2*l - 3 + 127 = 0. Let v = d - -129. Suppose -n = -0*n + 3*y - v, 364 = 4*n - 4*y. What is the units digit of n?
3
Suppose 114*a - 3198 = 36*a. What is the units digit of a?
1
Let d be (5/2)/(187/22 - 8). What is the hundreds digit of (-2280)/(-48)*(-1)/(d/(-36))?
3
Suppose -5*z - 473 = -2*m - 22113, -4328 = -z - 4*m. Suppose -8*t + z = -0*t. What is the tens digit of t?
4
Let i = 31857 + 5014. What is the ten thousands digit of i?
3
Suppose 22*l - 34109 = 53995 + 12282. What is the hundreds digit of l?
5
Suppose f = 20*f - 19. What is the tens digit of (-81)/(-4)*(-8)/f*-8?
9
Suppose 22450 = -50*h + 55*h. What is the units digit of h?
0
Let f = -3105 + 3776. What is the hundreds digit of f?
6
Suppose 3*n - 5511 - 22497 = 2*g, 3*n = -4*g + 27972. What is the units digit of n?
2
Suppose -8*w - 3*j = -13*w + 14824, 3*w - 2*j = 8894. What is the units digit of w?
6
Suppose -93*f = -1134702 - 377664. What is the units digit of f?
2
Suppose 508*l = 184*l + 7624044. What is the hundreds digit of l?
5
Let y(k) = -3*k**3 - 3*k**2 + 16*k - 48. Let j be y(8). Let r = j - -2348. What is the hundreds digit of r?
7
Let t(i) = -2*i**3 - 11*i**2 + 6*i + 12. Let g be t(-9). Suppose -4*q + g = 2*f - 3*q, 5*f - 4*q = 1332. What is the tens digit of f?
6
Suppose -8132*c - 470036 = -8160*c. What is the ten thousands digit of c?
1
Suppose -3*f + 29 = 4*l, -3*l + 6*f = f. Suppose 0 = -7*p + 2*p + l*n + 100, -4*p = 4*n - 88. What is the tens digit of p?
2
Suppose 5*o - 10*o = -2*l - 99, -4*o + 96 = 4*l. What is the tens digit of (278/3 - (-7)/o) + 4?
9
Let b(r) = -19*r - 27. Let z be b(5). Let l = 403 + z. What is the hundreds digit of l?
2
Let l(c) = -c**2 + 131*c - 345. What is the units digit of l(77)?
3
Let k = 103774 - 42004. What is the tens digit of k?
7
Let j = -3872 - -12013. What is the tens digit of j?
4
Suppose -13*q - 20349 = 3*q - 90909. What is the tens digit of q?
1
What is the hundreds digit of (153/(-119))/((-2)/8988)?
7
What is the hundreds digit of -9 - (20 - 19)*(-28946 + 3)?
9
Let v = -12176 - -62138. What is the tens digit of v?
6
Let r(l) = 2*l**3 + 4*l**2 + l - 5. Let f be r(-2). What is the hundreds digit of (-11332)/(-28) - 2/f?
4
Let z be (-4 + 1)*((-49)/(-21) + -4). Suppose 5*h - 1030 = -m, -z*m + 19*h - 24*h = -5090. What is the tens digit of m?
1
Let p(b) = b**3 - 34*b**2 - 34*b - 31. Let n be p(35). Suppose 7 = n*o - 2593. What is the units digit of o?
0
Let q = -25 - -1. What is the tens digit of 197/1 + q/(-6)?
0
Suppose -7*y = y - 112. Suppose 7 = y*n - 189. Suppose -n*a + 12*a = -18. What is the units digit of a?
9
Let o = -27 + 18. Suppose 7495 = 60*d + 35935. What is the hundreds digit of -5*(-15)/25*d/o?
1
Suppose 5 = -4*h + 17, -2*l - 5 = -3*h. Suppose 41*f - 369 = -l*v + 36*f, 3*v + 3*f - 558 = 0. What is the hundreds digit of v?
1
Let u(x) = -3*x - 12. Let v be (-1 - 0)*(-7)/(-1). Let q be u(v). Let c(i) = 8*i - 5. What is the tens digit of c(q)?
6
Let m(r) = 755*r**2 - 121*r + 1222. What is the thousands digit of m(9)?
1
Let b = -638 - -353. Let p be 4/(-30) + (-2888)/b. What is the units digit of (-717)/(-4) + p/(-40)?
9
Let s(u) = 11*u**2 - 10*u + 6*u**2 + 49 + 12*u**2 - 15*u**2. What is the hundreds digit of s(4)?
2
Let s = -407 - -126. Let m = s + 431. What is the units digit of m?
0
Let g(z) = -127*z + 1489. What is the tens digit of g(-68)?
2
Let w = -86238 - -129432. What is the ten thousands digit of w?
4
Suppose -5*v - 1856 = -13*v. Suppose -4*t - v = -q, 2*t + 632 = 3*q + 6*t. What is the tens digit of q?
1
Suppose -55*b + 19730 = -3810. What is the hundreds digit of b?
4
Let a = -2483 + -4217. What is the hundreds digit of (-6)/(-33) - a/55?
1
Suppose -994691 - 12456 + 17048 = -99*r. What is the hundreds digit of r?
0
Suppose 34*g - 32*g + 2*w - 4610 = 0, 0 = 4*g - 4*w - 9164. What is the units digit of g?
8
Let b(i) = 35*i**3 + 1. Suppose -r + 16 = 3*v, -3*v + 2*r + 18 = v. Let n be v/(-2)*(-8)/20. What is the tens digit of b(n)?
3
Suppose 30*h - 280629 + 76179 = 0. What is the thousands digit of h?
6
Let o(u) = -3*u**3 + 2*u**2 - 7*u - 5. Let c be o(-3). Let j = 80 - 21. Let k = c - j. What is the units digit of k?
6
Let g = 6540 + -3503. Wh